. Suppose 5*n + 3*g = 17050, -8*n + 2*g = -d*n - 6804. Is n a composite number?
False
Let l(j) = -3*j**3 - j**2 + 5*j + 62297. Is l(0) prime?
True
Let v(g) = 5*g + 31. Let j be v(-6). Let f be (0 - j) + (-10)/(-2). Suppose -f*n + 402 = 2*n. Is n composite?
False
Let l(n) = 152*n**3 - 3*n**2 + 22*n + 2. Suppose 423*j - 20 = 419*j. Is l(j) a prime number?
True
Let b(v) = 5178*v - 44. Let z be b(7). Is z/6 + (-118)/177 composite?
True
Let a(g) = 3*g - 66. Let q be a(15). Is 16474/14 - 6/q a prime number?
False
Is -21 + (-15)/((-255)/2573086) prime?
True
Let k(w) = 13*w**2 + 25*w + 11. Let q(d) = -13*d**2 - 26*d - 11. Let p(y) = 7*k(y) + 6*q(y). Is p(31) prime?
True
Let g(i) = 23*i**3 + 28*i - 873. Is g(42) a composite number?
True
Is 44/55*-1*73410/(-24) a composite number?
False
Suppose -7*t = 27 + 22. Let u be 1*6/(-21) - (-47)/t. Let m(i) = -68*i + 3. Is m(u) a composite number?
False
Suppose 0 = -3*q + u + 2, -1 = -u - 3. Suppose q*x - 9*x + 1431 = 0. Is x composite?
True
Let j be ((-7)/4)/((-1)/8*2). Suppose -8*g = -j*g - 1229. Is g composite?
False
Suppose 91174 = -9*l - 198221. Let s = -21746 - l. Is s composite?
True
Let t(u) = -2574*u + 265. Let f be ((-6)/(-4) + -1)*-14. Is t(f) composite?
True
Suppose 5*a - 57465 = -5*u, -4*u = -a + 6*a - 45976. Suppose -p = -u + 2748. Is p prime?
True
Let b(c) = -330*c**3 + 4*c**2 - 9. Let a be b(-5). Let y = a + -22494. Is y a composite number?
True
Let j(i) = i + 15. Let l be j(38). Suppose 0 = -2*n + y + 25166, 16 = 49*y - l*y. Is n prime?
False
Let m be (2 + 38)/(4/378). Let c(f) = 180*f + 25. Let r be c(8). Suppose m + r = 5*x. Is x composite?
False
Suppose 0 = -8*o + 4*o + 5*h + 96, o - 4*h = 13. Suppose 40*d - 46849 = o*d. Is d composite?
False
Let f(a) = 1258*a**3 + 3*a**2 - 10*a + 29. Is f(6) composite?
True
Suppose -5*o + 9645405 = 5*l, -11*l + 18*l = 3*o + 13503547. Is l a composite number?
True
Let s(z) = 2*z**3 + 10*z**2 + 10*z + 3. Let d be s(-4). Let x(l) = 319*l**2 - 7*l - 8. Is x(d) a composite number?
True
Suppose -4*k + k = -9*k. Suppose 34*o + 3*o - 5217 = k. Is o a composite number?
True
Suppose 5*c = -2*m - m - 1, -5*m + 4*c = -23. Suppose -h = 5*g - 13, -m*g + 1 = -h + 5*h. Suppose -4*f - 1437 = -g*y - f, f = 3*y - 1441. Is y composite?
True
Suppose 139523 - 228990 = -2*c + 1088979. Is c prime?
False
Let q(z) = -3455*z**2 + 7*z + 9. Let a be q(-2). Let d = -24 - -30. Is d/(-8) - a/28 composite?
True
Let d = 69730 + -43381. Is d composite?
True
Let u(z) = 8*z**2 + 3*z + 53. Let b(l) = -3*l**3 - 27*l**2 + l - 3. Let y be b(-9). Is u(y) a composite number?
True
Let d be (-4)/5 + 12/15. Suppose -3*j = 4*w - 478, -5*j - 5*w + 805 = -d*w. Is j*5*(-2)/(-20) prime?
True
Let k(o) = -3743*o + 2177. Is k(-34) prime?
True
Let b(n) = 2145*n**2 + 565*n + 3987. Is b(-7) a composite number?
False
Let w(o) = 163293*o - 6286. Is w(9) a composite number?
True
Let b(j) be the first derivative of 29*j**3/3 + 4*j**2 - 4*j - 10. Is b(-7) prime?
True
Let k(t) = -12*t**3 + 3 - 9*t + 6*t**2 + 0 + 14*t**3. Let w be k(-4). Suppose 2*r = w*r - 310. Is r composite?
True
Let p = 24362 - -5415. Is p prime?
False
Let g = 19 + -14. Suppose -5*f + g - 15 = 0. Is 2*-38*(f + (-75)/20) prime?
False
Is 5 + (10 - (-179301 + -1)) composite?
False
Let r(j) be the second derivative of 0 - 4*j**2 + 11/6*j**3 + 11/12*j**4 + 4*j - 1/20*j**5. Is r(7) prime?
False
Let i = -3925 + 2346. Let g = i - -3942. Is g a prime number?
False
Let v = 370 - 360. Is (-10 + 15)*14302/v a composite number?
False
Let s(f) = -3*f**2 + 4*f - 1. Let q be s(3). Let o = -11 - q. Suppose -2*v - v + 2*w + 2245 = 0, -3*v - o*w + 2210 = 0. Is v a composite number?
True
Let g(f) = -4566*f + 2509. Is g(-9) a composite number?
True
Suppose 18*x - 2799948 - 3369966 = 0. Is x prime?
False
Let x(h) = -105*h - 8. Let k(n) = -n. Let i(o) = -212*o - 17. Let y(p) = i(p) - k(p). Let m(z) = -13*x(z) + 6*y(z). Is m(8) composite?
True
Is 20/(-400)*(3 - (-28)/(-4))*2699965 composite?
False
Let s(y) = -y**3 - 6*y**2 + 15*y - 4. Let t be s(-8). Suppose 1 + t = -5*l, -j = 4*l - 793. Is j prime?
True
Suppose 4*d = -3*b + 27, -4*b - 4*d + 29 = -d. Suppose 2*u = -4*r + 1078, 0 = b*u - u + 3*r - 2176. Is u composite?
False
Suppose 5*g + 3*z + 97 = 0, -38 = g + g + z. Let d = g + 5004. Is d composite?
False
Suppose 3*z = 4*u - 7*u + 14487, 4*u = -3*z + 19313. Suppose -4*h + 27210 = -u. Is h a prime number?
True
Suppose 0 = v + 11 + 1. Let w be 12/(-66) - (-3535)/385. Is (-43444)/(-16) - -3 - w/v composite?
False
Suppose 0 = -4*v + 5*i + 16423, -4111 = -v - 0*i + 3*i. Suppose 4*g = 4, r + 3*g + 0*g = v. Is r a prime number?
True
Let d(i) = 3*i - 35. Let c be d(13). Suppose 4*h = 3*a - 2174, -233 - 320 = h + c*a. Let y = 972 + h. Is y a composite number?
True
Suppose 2440903 = -60*r + 6323083. Is r a prime number?
False
Let y(s) = -2*s**2 + 13*s + 21. Let h be y(10). Let f = 42 + h. Let b(c) = c**3 + 11*c**2 - 15*c + 16. Is b(f) a composite number?
False
Let f(g) = -g**3 + 27*g**2 - 25*g - 2. Let s be f(26). Let o(j) = -s*j + 343*j**2 - 21*j + 45*j - 2. Is o(-1) prime?
False
Let v = 4525 - -34196. Is v composite?
True
Suppose 0 = 21*l - 20*l - 2. Suppose -10*r - 11921 = -3*w - 11*r, 0 = -l*r + 4. Is w composite?
True
Is (-6)/((-7)/(3744867/18)) a prime number?
True
Suppose 4*g = -2*h + 3*h - 41, 2*h - 5*g - 79 = 0. Suppose 10*v = 9*v + h. Suppose -41*y + 5428 = -v*y. Is y composite?
True
Let z = 50031 + -12080. Is z a prime number?
True
Let t(r) = -r**2 + r - 2430. Let d be t(0). Suppose 0 = 4*n + 732 - 10136. Let f = n - d. Is f composite?
True
Let i(f) = -f**3 - 3*f**2 - 11*f + 11. Let b be i(8). Let a = 455 + b. Let p = a - -805. Is p a composite number?
False
Suppose -57*g + 2*g + 28937625 = 20*g. Is g prime?
False
Let x(z) = -1430*z + 1. Let p be x(-4). Let o = -1388 + p. Is o composite?
True
Let y = 102 - 99. Let a(w) = 109*w**3 + w**2 - 10*w + 9. Let q be a(y). Is q/2*(-22)/(-33) composite?
False
Let o(n) = 135*n**2 + 5*n + 100. Let t be o(-8). Is t/3 + -5 + -5 + 7 a prime number?
True
Let l be (-756190)/(-60) + (-2)/12. Suppose -12932 = -5*f + l. Is f composite?
False
Let d(x) = -12165*x + 6037. Is d(-34) prime?
False
Suppose 92 - 76 = 8*z. Suppose -2*b + z = -b, 2*b + 2298 = 2*y. Is y a prime number?
True
Suppose -1847 = -3*k - r, 31*k - r = 26*k + 3065. Is k composite?
True
Let p = -7 - -11. Suppose -4*c - 2*h - 2 = h, 3*c + 5*h = p. Is 2153 + (-2 - c)/4 a prime number?
True
Is (2 - (-3 - 745466)) + (-154)/(-7) + -22 a composite number?
False
Let k = 9035 + 94298. Is k composite?
False
Is 7*69348/12 - (2 - 2) prime?
False
Suppose 233*f + 228*f = 469*f - 2138392. Is f composite?
False
Let a(m) = m**3 + 14*m**2 + 4*m + 17. Let g = 35 + -31. Suppose 0 = -s - 9 - g. Is a(s) prime?
False
Let g = -60 + 63. Let b be -4 - 0 - (g + -4). Is (-5*(-3)/10)/(b/(-838)) a composite number?
False
Suppose 4*d - 2 = 6, 0 = -4*h - 2*d + 268. Is 862*8 - h/22 prime?
False
Let d(y) = -y**3 + 11*y**2 - 15*y + 33. Let w be d(10). Let h(l) = -53*l + 8. Let r(k) = 159*k - 23. Let o(f) = w*h(f) - 6*r(f). Is o(-15) prime?
True
Let t(k) = 7096*k + 1735. Is t(6) prime?
False
Let a be 595/55 - 8/(-44). Suppose 5*l - a = 4. Suppose 15 = -5*g, 0*g + g - 990 = -l*j. Is j a composite number?
False
Suppose -m + i + 404 = -6*m, -m + 3*i - 68 = 0. Let w = 373 + m. Let d = 1084 - w. Is d composite?
True
Let d(l) = 888*l - 37. Let o be d(3). Suppose -11*g = -10*g + 4*v - o, -4*g = -2*v - 10598. Is g a composite number?
False
Let v(a) = a**2 - 15*a + 40. Let u be v(12). Suppose 4*c + 2 = 4*z - 2, 0 = u*z - 12. Suppose -c*n = 4*k - 5*n - 456, -k = -4*n - 127. Is k prime?
False
Let z(r) = -924*r**3 - 24*r - 23. Let x be z(-1). Let l = x - 658. Is l composite?
True
Let q(a) = -a**3 - 4*a**2 - 308*a + 466. Is q(-51) a prime number?
False
Suppose 1849869 = -15777*m + 15786*m. Is m a composite number?
True
Let n(g) = -1164*g + 2293. Is n(-49) a composite number?
True
Suppose 83*h - 8 = 85*h, 5*a - 167701 = -h. Is a a prime number?
False
Let t = -1184 + 35142. Is t a prime number?
False
Let y = -25 - -26. Let s(n) = -4*n**2 - n + 1. Let b be s(y). Let t(r) = -427*r + 1. Is t(b) a prime number?
True
Let s(n) = -n - 3. Let k(g) = g**2 + 7*g + 7. Let c be k(-5). Let v be s(c). Suppose -z + 71 = 2*a - a, v = -2*z